value of -12 + 2 + -23 + 14?
-19
What is the value of -4 - (13 - 25) - 16 - (-11 + 2)?
1
What is 5 - (-5 + (5 + 0 + -2 - 4))?
11
What is 2 + -1 + 16 + -9 + (7 - -1)?
16
What is 17 + (8 - 5 - -2) + -6?
16
962 + -953 - (1 - (-21 - 0))
-13
What is the value of (13 - 6 - 13) + 5 + 3 - -1?
3
Calculate -4 - (-17 + -1 + 11 + -2).
5
(-2 - 12) + (-7 - (-5 - 6))
-10
(45 - 48) + 1 + (-1 + 3 - -20)
20
Evaluate (2 - 21) + -187 + 209.
3
Calculate 49 + -20 + (-10 - 10).
9
20 + -10 - (-1 + -6) - (11 + -4)
10
(-9 - 2) + 13 + 0
2
Evaluate -10 + (-3 - 11) + 7 + 6.
-11
Calculate (-14 - -4) + -10 - (-21 + 4).
-3
6 - (16 + 14 - 14 - -16)
-26
22 + -8 + (0 - 9) + 0
5
(18 - 10) + -22 - -12
-2
Calculate 12 + -13 + 10 + -1 + -16.
-8
Calculate 9 - (-5 - (-14 - -6) - -2).
4
What is the value of 4 - 4 - (9 + 6 - 7)?
-8
What is the value of 18 + (-11 - (40 - 20))?
-13
What is the value of -6 + -2 + -1 + 9 - 5?
-5
What is -2 + 0 + 0 - (21 + -36 + 6)?
7
Calculate -7 + (-11 - -11) + 0.
-7
(7 - (9 + 4)) + -1
-7
What is the value of -1 + -18 - (-15 - (9 - 16))?
-11
What is (-8 - -5) + (7 - (4 - 4))?
4
Evaluate 3 + 5 + (-9 - 1 - -24).
22
Calculate 2 + (-12 - -18) + 0 - -7.
15
What is (3 - -5 - 3) + -1 + 5?
9
Calculate 14 + 3 + -4 - ((41 - 14) + -18).
4
-5 - -14 - (2 + (5 - 5))
7
(3 - 9) + -7 + 4 - (-5 - 23)
19
What is the value of (3 - -7) + -8 - 13?
-11
-2 - 4 - (9 + -23 - -8)
0
What is (1 + 2 - 4) + 3 + -5 + 10?
7
What is the value of (-7 - -1) + (-4 - (-4 - -10))?
-16
What is 56 - 68 - (-9 - 0) - 13?
-16
9 + -41 + 1 + 17
-14
Evaluate -12 - (-20 + -4 - ((-10 - -17) + -9)).
10
What is the value of -7 - (-6 - ((3 - -9) + -12))?
-1
Calculate (-21 - -14) + 1 - -37.
31
Evaluate 522 + -498 + (-20 - -1).
5
What is 17 + -10 + 7 + (-2 - (-3 + 1))?
14
Evaluate 3 - (-8 - (-13 - (-15 - 4 - -10))).
7
Calculate -59 + 57 + 5 + 1 + -9.
-5
-4 - -3 - 0 - 2 - 0 - 1
-4
Evaluate (-38 - -28) + (4 + -2 - -4) + -16.
-20
Evaluate -7 + 46 + 115 + -141.
13
What is (2 - -8) + 4 - 5?
9
Calculate -14 - (-4 - (1 + -2 + 1 + -4)).
-14
Calculate 22 + (-48 - -9) + 42.
25
What is the value of 11 + 42 + -26 - 55 - (-1 - 4)?
-23
What is the value of -4 + -16 + 10 + 12?
2
What is 17 - ((32 - 11) + 4)?
-8
What is (-18 - (1 + -15)) + -9?
-13
Calculate -68 + (4 - -38) + (8 + -4 - -1).
-21
What is the value of 16 + (-30 - -28 - (1 - 2)) - 6?
9
What is (-6 - 25) + -16 + 12 + 11?
-24
-2 + 1 - (14 + -3) - (-1 + 6)
-17
Evaluate 10 + -17 + -8 + (-1 + -2 - 1).
-19
Evaluate (1 - 1 - (-8 + 15)) + 1 - -9.
3
What is 687 + -677 - (1 - -23)?
-14
9 + 4 + (-2 - (-4 + 2))
13
What is the value of 3 + -31 - (-139 - -128)?
-17
6 - ((6 + 4 - -1) + 7 + -3)
-9
Evaluate (-10 - -9) + -7 + 3.
-5
What is the value of (-174 - -153) + (-5 - -3 - -11)?
-12
What is (6 - 7) + (22 - 46)?
-25
What is 10 + (-5 + 8 - -2 - 12 - -13)?
16
(1 - -21 - (-7 - -16)) + 15
28
Calculate -8 + 1 - (-3 - -14 - 15).
-3
What is the value of 0 + 0 - (-29 - -40 - 2)?
-9
What is the value of 155 - 146 - (-8 + 8)?
9
What is the value of -2 - (-26 + 22 - 24)?
26
Calculate 0 + -1 - (1 + -2 - -2).
-2
What is -14 + 27 + 3 - 6?
10
What is the value of 19 - 33 - (43 + -37)?
-20
What is (11 - (15 + 1)) + (-1 - 1 - -2)?
-5
Calculate (9 - (-2 - (-11 + 4)) - 2) + -11.
-9
What is the value of -6 + (2 - 2) - ((-19 - 3) + 12)?
4
What is the value of -14 + (-3 - (-3 - 9 - -1)) + -16?
-22
What is 3 - 9 - (-19 - -1)?
12
Calculate 8 + (4 - -4) + -10 + 10.
16
Evaluate 6 - (8 - -7) - (6 + -14).
-1
(2 - -2) + (-7 - -22 - 2 - 9)
8
What is the value of (6 - (12 + 5)) + 7 - 4?
-8
(5 - (-29 - 0)) + -49
-15
What is the value of (-28 - -10) + -1 + 4 - 1?
-16
Evaluate 22 + (-4 - 12) - (-2 + 5) - -12.
15
-1 - (2 + 5 - (-12 + 23)) - -2
5
What is -11 + -32 + 10 + -1?
-34
Evaluate -7 + 16 - (-62 - -55).
16
Evaluate 1213 + -1202 - (6 + -1).
6
What is 23 + -6 + 11 + 3 + -11?
20
What is 3 - (15 + -6 + -1)?
-5
What is -18 + (21 - -8) + 26?
37
What is -21 + -28 + 25 - -33?
9
What is the value of -22 + (28 - -12) + (4 - -3)?
25
9 - 24 - (-6 - -1) - 16
-26
What is the value of (-24 - (-56 - -14)) + -14?
4
0 + (1 - -8) + 118 + -128
-1
What is the value of 34 + (22 + -3 - 48)?
5
What is the value of (1 + -15 - (1 - 1)) + -8?
-22
What is the value of -106 + 114 + 7 + (0 - (5 - 3))?
13
What is the value of 56 - (-9 + 49 + -6)?
22
What is 42 + -52 + (-9 - 0)?
-19
What is (-2 - -7) + (-30 - -10 - -14)?
-1
What is 4 - (-37 - -10 - -33)?
-2
(-4 - 4 - (-9 + 3)) + 3
1
What is the value of 9 - (-9 + 11 + 33 + -9)?
-17
Evaluate -6 - (10 - (3 + -1 - -8)).
-6
What is (-42 - (20 + -42)) + 10?
-10
Evaluate (-22 - (-8 - (15 + -8))) + 4.
-3
Evaluate 10 - (2 + -3) - (-33 + 48 - 12).
8
Calculate 8 - (18 - (1 - (11 + -15))).
-5
What is the value of 24 + -60 - (7 + -3 + -18)?
-22
What is the value of (12 - 6) + -6 - ((-14 - -6) + 24)?
-16
What is the value of -15 - 1 - (-33 + 10 + 21)?
-14
Calculate (-5 - (0 + 1)) + -39 + 29.
-16
Calculate (-1 - 5) + 56 + -36.
14
What is the value of (-1 - -4) + 23 + 23 + -50?
-1
0 + 28 - (17 + -18 + -7 + 16)
20
4 + -12 + (10 - -8) + -12
-2
What is -1 - -1 - (-21 - 9 - (-2 - 3))?
25
What is the value of -6 + (1 + -6 - (-20 + -30 - -16))?
23
What is the value of 12 + 1 + -8 - ((18 - 2) + -4)?
-7
What is (14 - (-7 + 17 - -13)) + -9 + 2?
-16
Evaluate -2 + 0 + -5 + (12 - 19 - 3).
-17
Evaluate -36 - (-6 + -8 + 26 + -22).
-26
What is 17 - ((-27 - -55) + -37)?
26
35 + -52 + (7 - -5)
-5
Calculate (41 - 16) + -28 + (16 - 0).
13
Evaluate -26 - (4 + (-4 + -17 - -4)).
-13
0 + (-16 - -6) + 0 + -5
-15
Evaluate 46 + -10 - (37 - 4).
3
Calculate (1 + -2 + 7 - -2) + -50 + 53.
11
Calculate (10 - (8 - (3 + 2))) + 6.
13
What is (-1 - -7) + -18 + 25 + -17?
-4
(19 + -2 - -2) + (-31 - -17)
5
What is the value of -9 + 260 + -251 + -2 + 0 + 4?
2
5 + (1 + -1 - (-130 + 140))
-5
7 + (-1 - (9 - -5)) + 13 + 5
10
0 + -9 - (-47 - -29)
9
Calculate 7 + -1 + -9 + (2 - -3) - 7.
-5
Calculate -12 + 10 - 16 - -11.
-7
What is 6 - (2 + 10 - (26 + -22))?
-2
Evaluate -48 - -54 - (9 + (-1 - 1) + 0).
-1
What is the value of -4 - (41 - 25 - 18)?
-2
4 + -3 + (0 - 25 - (-31 + 21))
-14
What is 18 - (-8 + (13 - 19) + (10 - 0))?
22
What is (2 + -4 - (-3 - -6)) + 25?
20
11 + 11 + -9 + -3 + 4
14
Evaluate 2 - -4 - (64 - 59) - (13 - 0).
-12
Calculate 23 + -2 + -28 - -9.
2
What is 41 - (17 - (-34 - -11))?
1
What is the value of 21 + (-32 - (-27 - 3))?
19
Calculate (4 - 5 - (11 + -16) - 12) + -26.
-34
(-31 - -21) + -9 - -25
6
What is 1 + -40 + (1 - -23)?
-15
Calculate 71 + -5 - 31 - 64.
-29
14 + -19 + (0 - -6) + (3 - 1)
3
What is the value of (5 - 18) + 7 - (41 - (-5 - -17))?
-35
Calculate -9 - -18 - (5 - 0) - (-1 - -7).
-2
What is the value of (6 - 0) + (1 + -13 - (-4 - -1))?
-3
What is -3 + 3 + (-6 - (-18 + 13))?
-1
What is the value of 3 + -15 + (5 - 4) + 8?
-3
What is 495 + -484 + (-12 - 1)?
-2
What is the value of 33 + -28 + -1 + -1 + 2 + 2?
7
Calculate -2 - (3 + -2 + 4 + (1 - 3)).
-5
(13 - (-9 + 21)) + 7
8
Evaluate 2 - (27 + -19 + -18 + 3).
9
10 - ((-12 + (0 - -8) - 4) + 8)
10
What is -4 - 1 - -21 - (1 - (0 + -5))?
10
What is the value of (-1573 - -1588) + -9 + -2 + 0?
4
Calculate (3 - 0) + -8 + 0 - -1.
-4
Evaluate 28 + (-21 - (4 + -10)).
13
What is the value of (-8 - 9) + (10 - (6 + (-1 - 0)))?
-12
Evaluate 5 + (3 - (10 + 7)).
-9
Calculate 14 - (25 + -7 - 11) - (-1 + 10).
-2
What is the value of 43 - 24 - 30 - -17?
6
What is 10 + -1 - (14 + 20 + -20 + -13)?
8
What is (1 - 4 - -1) + (-5 - 1)?
-8
Evaluate (2 - 13) + 9 + 9.
7
Calculate -4 - (-8 + 21 - 5).
-12
What is the value of (-18 - -10 - -25) + -15?
2
Evaluate 22 + (-4 - -3) + (2 - 0) + 0.
23
Evaluate 39 + (-83 - 16) + 26.
-34
Evaluate 10 - ((-7 - 0) + (7 + -15 - -18)).
7
Calculate -1 - (0 - 2) - (-11 - (-6 - 9)).
-3
Evaluate (150 - 165) + 0 + -10.
-25
Calculate (-17 - -16 - (0 - 3)) + -3.
-1
(82 - 36) + -46 - (-1 + 2 + 11)
-12
Evaluate -9 - ((-8 - 9) + (-2 - 0)).
10
Evaluate 8 + (-2 - -5) + -8 - -6.
9
-14 + (4 - (12 - (0 + 10)))
-12
What is the value of 6 - (1 + 0 + (-6 - 0)) - 9?
2
What is the value of -20 + (-6 - 0) + (-15 - -15 - -10)?
-16
What is 35 + (0 - 7 - 4) + -20?
4
What is (2 + 2 - 3) + (-16 - -8 - 0)?
-7
What is 10 + -4 + (8 - (7 + -3))?
10
Calculate 0 - (17 - (12 + 18)).
13
What is the value of 10 - (-7 + (8 - -3) + 3)?
3
What is -2 + -11 + -1 - (-3 - -1)?
-12
Evaluate 6 - -2 -